ts digit of (58/a)/((-22)/154)?
6
Suppose 150*a - 140*a = 90. Suppose -5*o + 7*m + 6510 = a*m, -1302 = -o - 3*m. What is the units digit of o?
2
Let k(t) = 8*t**3 - 74*t**2 - 26*t + 22. What is the units digit of k(19)?
6
Let x(m) = m**2 - 12*m. Let p be x(12). Suppose p = 9*c - 15*c + 3306. What is the tens digit of c?
5
Let h = -12632 - -36869. What is the thousands digit of h?
4
Let b(y) = y. Let l be b(6). What is the hundreds digit of (-9)/l*10894/(-39)?
4
Let w be 24/10 + (8/(-20) - 0). Suppose -18 = -5*g + w. Suppose 2*k = -g*o + 246, -3*k - 10 = 4*o - 251. What is the units digit of o?
4
What is the hundreds digit of 52/65*(-53575)/(-2)?
4
Let t = 5 - 17. Let f be ((17/3)/((-2)/t))/(-1). Let i = f - -130. What is the tens digit of i?
9
What is the units digit of -9 - (-3 + 14 - 402)?
2
Let a be (4/4)/((-2)/5)*-218. Let w = a + -376. What is the units digit of w?
9
What is the hundreds digit of -9 + -4 + 16560 + 3?
5
Let j be (-3)/7 + (-39974)/154. Let w = -159 - j. What is the hundreds digit of w?
1
Let p = -182 - -178. Let b(x) = -2*x**2 - 11*x - 7. What is the units digit of b(p)?
5
Let l = 139 - 136. What is the hundreds digit of (l/(45/6))/((-4)/(-1090))?
1
Let i be (1 - 4) + 137 + (-4)/2. Suppose 44*s - 48*s = -i. Suppose s + 187 = 2*x. What is the tens digit of x?
1
Let n = 12242 + 4996. What is the ten thousands digit of n?
1
Let g(w) = 31*w**2 - 5*w + 66. What is the tens digit of g(10)?
1
Suppose -5*t = 2*w - 3*w + 8, -5*w + t = 8. Let s be 271 + 3/(12/(-2))*w. Let b = s - 123. What is the units digit of b?
9
Suppose 3*m - 16379 = 4*d, -434*m = -439*m - 3*d + 27308. What is the units digit of m?
1
Suppose -4*k - 7*k + 82010 = -6*k. What is the units digit of k?
2
Suppose 0 = 572*l - 375*l - 2965638. What is the tens digit of l?
5
What is the tens digit of 34720/(-160)*(-1483)/7?
7
Suppose 0 = h - 102 + 35. Suppose -71*f + 148 = -h*f. Suppose -f = 5*t - 192. What is the tens digit of t?
3
Suppose 5*a - 1899 = -3*c, c - 653 = 20*a - 15*a. What is the units digit of (-1*c/(-5))/((-2)/(-5))?
9
Suppose 5*k - 21156 = 19019. What is the hundreds digit of k?
0
Let b(q) = q**3 - 10*q**2 - 12*q + 14. Let z be b(11). Let r(m) = -2*m + 4*m - 2*m**2 - m**z + 3*m - 7*m - 1. What is the tens digit of r(-5)?
8
Suppose 0 = 15*m - 6*m - 441. What is the tens digit of (-1 - (-6898)/10) + m/245?
8
Let g = -5454 + 10265. What is the hundreds digit of g?
8
Suppose -343535 + 1613585 = -15*k + 40*k. What is the ten thousands digit of k?
5
Let f(q) = 95*q - 129. Let o(w) = 66*w - 86. Let d(b) = 5*f(b) - 7*o(b). Let p be (-1)/((-2)/13)*2. What is the hundreds digit of d(p)?
1
Suppose 5*m + 1939 + 2341 = 0. Let r = m - -1224. What is the hundreds digit of r?
3
What is the hundreds digit of ((-263058)/4)/(-3) + -19 + (-111)/(-6)?
9
Suppose 129*a = 140*a + 29227. Let q = -1623 - a. What is the tens digit of q?
3
What is the thousands digit of (-3800 - 1)*((-240)/216 + 4/(-18))?
5
Let k be (129/(-2))/(6*3/96). What is the units digit of k/24*(-64 - -1)?
3
Let w(i) = 66*i - 178. Let s(x) = 67*x - 177. Let r(n) = -4*s(n) + 5*w(n). What is the units digit of r(14)?
6
Let s(n) be the second derivative of -7*n**3/2 - 155*n**2/2 - 45*n. What is the tens digit of s(-8)?
1
Let f = -17 - 3. Let u(z) = -z - 27. Let i be u(f). Let c(x) = x**3 + 6*x**2 - 6*x + 12. What is the units digit of c(i)?
5
Suppose 9*z + 1501 = -299. Let c = -110 - z. What is the tens digit of c?
9
Let o(b) = -179*b + 92. Let q be o(7). Let p = q + 1880. What is the hundreds digit of p?
7
Let t(y) = -15*y + 142. Let w be t(0). Let h = -48 + w. What is the tens digit of h?
9
Let y(k) = 2*k**3 - 16*k**2 - k - 21. Let m(h) = -3*h - 3. Let w be m(-4). What is the units digit of y(w)?
2
What is the ten thousands digit of ((-2)/(-8))/((19 + 15)/8615192)?
6
What is the ten thousands digit of (-8 + 39281)*7/21?
1
Let p(s) = 3*s**2 + 34*s - 330. What is the units digit of p(-64)?
2
Suppose 0 = 17*z - 916151 - 203792. What is the ten thousands digit of z?
6
Let k(z) = 9*z**3 + 13*z**2 + 16*z + 4. Let x be k(-11). Let m be (-26)/169 + x/26. Let v = -291 - m. What is the hundreds digit of v?
1
Let j(n) = -6*n - 15. Let b be j(7). Let i = b + 32. Let k = 97 + i. What is the tens digit of k?
7
Suppose 0 = 70*m - 23*m - 867512 - 882063. What is the units digit of m?
5
Let y be 22/(-99) - 14558/18. Let a = -332 - y. What is the units digit of a?
7
What is the hundreds digit of (-15)/120*10 + 10130/8?
2
Suppose 2010*j + 188040 = 2025*j. What is the units digit of j?
6
Suppose 3*y - 21180 = 5*f + 2256, 0 = -3*y + 4*f + 23436. What is the hundreds digit of y?
8
Let q be 2394/665 - 1/(-5)*-3. Suppose -q*d = -h - 1081, 2*d + 3*h = 426 + 280. What is the units digit of d?
9
Suppose -s - 20 = -5*a, 3*a - 2*s + 5*s = 12. Let n be a/(-14) + 1548/126. Suppose 5*o + f - 32 - 126 = 0, -4*f = -n. What is the tens digit of o?
3
Let m(i) = 8*i**2 - 42*i + 25. Let c(t) = -5*t**2 + 28*t - 17. Let u(n) = 7*c(n) + 5*m(n). Let j be u(7). Suppose 10*b = 57 + j. What is the units digit of b?
1
What is the hundreds digit of ((-61270)/77)/((-6)/42)?
5
Let o(g) = -g**2 - 4*g - 21. Let w be o(-5). Let d = w - -400. What is the hundreds digit of d?
3
Let u(z) = -z**3 + 21*z**2 + 73*z + 15. Let s be u(23). Suppose 11*h = 17*h - s. What is the units digit of h?
6
Let o = -2009 + 4431. What is the units digit of o?
2
Let i(g) = 7*g**2 + 33*g - 1115. What is the units digit of i(30)?
5
Suppose 12 - 40 = -2*w + 5*t, -5*w = 5*t. Suppose 4*p - 12 = -w*d, -4*d = -2*p + 2 - 8. Suppose -53 = -b + 3*c - 8*c, d*b = c + 84. What is the tens digit of b?
4
Suppose 4*n - 4 = 4*i, 0*n + n - 11 = -4*i. Suppose i*m + 2*o - 769 - 69 = 0, 5*m - 3*o - 2079 = 0. What is the hundreds digit of m?
4
Let o be (-5)/(-3)*(7 + (-12)/3). Suppose -2212 = -o*h + 4*c, 15*h = 11*h - c + 1757. What is the units digit of h?
0
What is the hundreds digit of 90033/4 - 40*(-15)/(-480)?
5
Suppose 3*r = 195 - 177. What is the units digit of 3/(248/(-1290) + r/30)?
7
Let y(h) = -573*h - 1725. What is the thousands digit of y(-25)?
2
Let y = -90309 - -154325. What is the thousands digit of y?
4
Let c be 13*4 - (5 - 5). Suppose -c*r = -50*r. Let a = 27 + r. What is the units digit of a?
7
Let w(x) = -5*x**2 - 4*x. Let y be w(-2). What is the hundreds digit of (-1448)/(-6)*(-18)/y?
3
Let c(j) = -69*j - 74. Let r be c(-9). Let d = r - 450. What is the tens digit of d?
9
Suppose 85190 = -13*x + 23*x. What is the units digit of x?
9
Suppose 5*d + 769*z - 86595 = 767*z, 51926 = 3*d - 5*z. What is the hundreds digit of d?
3
Let p = -50 + 54. Suppose 2*k = p*l + 502, 5*k - 263 = 4*k - 2*l. What is the units digit of k?
7
Let o(u) = -u + 18. Let r be o(-6). Suppose 0 = -2*h - 5*v + 796, -2*v + 1624 = -r*h + 28*h. What is the units digit of h?
8
Suppose -m = -6*m + 5*v - 215, 5*m = -2*v - 222. Let j be 2/10 - m/(-20) - -987. Suppose 5*z - j - 50 = 0. What is the tens digit of z?
0
Let l = 29379 - 8181. What is the hundreds digit of l?
1
Suppose 3*w = -3*h + 60, -25 = -h - 0*w - 2*w. Let o be (-3 - (-51)/h)/(6/9630). Suppose 5*i = 11*i - o. What is the tens digit of i?
0
Let i = 6976 - 1776. What is the tens digit of i?
0
Let j(i) = -171*i + 4. Let l be j(-8). Let a be 3/(-9) - (2 - 28/12). Suppose a*w + 7*w = l. What is the units digit of w?
6
Let m(i) = 1427*i - 2669. What is the tens digit of m(6)?
9
Let b = -18 + 17. Suppose -2*i - 160 = -k + 6*k, 4*i - 130 = 5*k. What is the tens digit of b/(92/k + 3)?
1
Let l = 2463 - 387. What is the hundreds digit of l?
0
Let x be (-33)/15 - -2 - 40953/85. Let l = -134 - x. What is the tens digit of l?
4
Let d(m) = -123*m - 4537. What is the thousands digit of d(-68)?
3
Suppose -136848 = 850*l - 1722098. What is the units digit of l?
5
Let g(s) = -s**3 - 62*s**2 + 30*s + 42. What is the thousands digit of g(-68)?
5
Let c(s) = s**3 - 3*s**2 - s - 5. Let n be c(4). Suppose 25*y - n*y = 9630. What is the units digit of y?
5
Let x be 1/((-20)/25*(-4)/32). What is the tens digit of 8466/x - 4/(-10)?
4
Let z be ((-8)/(-5))/(2 + 24/(-15)). Suppose v - 3*f = 18, 31 = 6*v - z*v - 5*f. Let a(s) = 2*s**3 + 5*s**2 - 5. What is the tens digit of a(v)?
9
Let t = 195 - 176. What is the tens digit of 38/4*(t - 17)?
1
Suppose 0 = -b + 1 - 2, -19 = -2*s - b. Sup